False
Is 4287290 a multiple of 9?
False
Is 1139 a factor of 580271523?
True
Does 3511 divide 716043873?
True
Is 28252528 a multiple of 16?
True
Is 3 a factor of 8096825?
False
Does 8 divide 43818424?
True
Does 48 divide 1864832539?
False
Does 1900 divide 572091900?
True
Is 57055824 a multiple of 161?
True
Does 60 divide 27093720?
True
Is 384082666 a multiple of 913?
True
Does 408 divide 6394845?
False
Is 450673186 a multiple of 1137?
False
Does 79 divide 2976418615?
True
Is 386 a factor of 497974730?
False
Is 16788375 a multiple of 375?
True
Is 75553740 a multiple of 12?
True
Is 669024562 a multiple of 501?
False
Does 447 divide 91833468?
True
Does 1354 divide 3524097?
False
Does 520 divide 8961579?
False
Is 20 a factor of 244573960?
True
Is 2456 a factor of 42071280?
True
Is 5011 a factor of 4561425368?
False
Is 4073431400 a multiple of 200?
True
Is 250 a factor of 245247250?
True
Is 10 a factor of 1200335510?
True
Is 173 a factor of 1402066717?
False
Is 3637 a factor of 37322894?
True
Is 851724232 a multiple of 551?
False
Is 122 a factor of 281326754?
True
Is 544 a factor of 47876352?
True
Is 1189083041 a multiple of 434?
False
Is 527680869 a multiple of 579?
False
Is 108 a factor of 18691020?
True
Is 1992097526 a multiple of 758?
True
Does 122 divide 44517434?
True
Does 2866 divide 189341951?
False
Is 322 a factor of 327668421?
False
Is 22 a factor of 25720222?
True
Is 173 a factor of 740278418?
True
Does 47 divide 167932045?
False
Is 8730691 a multiple of 10?
False
Is 243 a factor of 65281950?
True
Is 120344338 a multiple of 61?
True
Is 54282615 a multiple of 51?
True
Does 177 divide 2077910162?
False
Does 83 divide 14212173?
True
Does 10 divide 291750219?
False
Is 127122498 a multiple of 73?
False
Is 228 a factor of 6701878284?
True
Is 2621503327 a multiple of 14?
False
Is 148798852 a multiple of 111?
False
Does 29 divide 21938181?
True
Is 277968892 a multiple of 66?
False
Does 2 divide 7108794?
True
Does 275 divide 2822273575?
True
Is 428 a factor of 257009749?
False
Does 9 divide 159364564?
False
Does 115 divide 123566925?
True
Does 2 divide 108197708?
True
Is 27 a factor of 746626715?
False
Is 16 a factor of 103152096?
True
Is 8 a factor of 428246600?
True
Is 3619216353 a multiple of 53?
True
Is 171838906 a multiple of 2525?
False
Is 45297187 a multiple of 101?
True
Is 14270113 a multiple of 1367?
True
Is 12444831 a multiple of 63?
True
Is 458103224 a multiple of 4996?
True
Is 2734 a factor of 34410124?
True
Is 5 a factor of 15500445?
True
Is 4273534538 a multiple of 26?
True
Does 129 divide 102432734?
False
Is 325827644 a multiple of 3683?
True
Does 226 divide 123362326?
True
Is 148 a factor of 377992?
True
Is 935 a factor of 130928596?
False
Does 66 divide 1967093916?
False
Is 620 a factor of 7751868?
False
Does 544 divide 191833233?
False
Is 25476732 a multiple of 1044?
True
Does 75 divide 133444275?
True
Is 259224129 a multiple of 2402?
False
Is 2748 a factor of 1692064367?
False
Does 568 divide 52809382?
False
Does 159 divide 54341589?
True
Is 2769510 a multiple of 46?
False
Is 448814562 a multiple of 447?
False
Is 2222949 a multiple of 97?
True
Does 36 divide 11693016?
True
Does 55 divide 33050080?
False
Is 59582077 a multiple of 13?
False
Is 278192718 a multiple of 162?
True
Is 973 a factor of 861095270?
True
Is 2275411 a multiple of 188?
False
Does 2342 divide 1262886028?
True
Is 4389418666 a multiple of 19829?
False
Is 1412467980 a multiple of 924?
True
Is 15 a factor of 603341742?
False
Is 294746647 a multiple of 94?
False
Does 12 divide 279775968?
True
Does 660 divide 12581580?
True
Is 84452328 a multiple of 1836?
True
Is 19952910 a multiple of 2135?
False
Is 68462292 a multiple of 499?
False
Is 2213 a factor of 483432694?
False
Is 553 a factor of 164852065?
True
Is 1111664 a multiple of 4?
True
Does 89 divide 202356541?
True
Is 84388596 a multiple of 7?
False
Is 37285407 a multiple of 657?
True
Does 77 divide 95044818?
False
Is 9 a factor of 6947907?
False
Is 8 a factor of 153193280?
True
Does 5 divide 4881202?
False
Is 4886 a factor of 2433612742?
False
Is 33 a factor of 28956576?
True
Is 6393067 a multiple of 882?
False
Is 13 a factor of 127448776?
True
Is 566 a factor of 195080390?
True
Is 3 a factor of 117690162?
True
Is 84688730 a multiple of 85?
True
Does 2631 divide 14578398?
False
Does 91 divide 426496252?
True
Is 1087125858 a multiple of 1274?
True
Is 166880128 a multiple of 273?
False
Is 9500 a factor of 1253398961?
False
Does 22 divide 412529722?
True
Is 681 a factor of 394124583?
False
Does 23 divide 108086626?
False
Does 8242 divide 962228774?
True
Is 2091464688 a multiple of 1996?
True
Is 24 a factor of 1088976?
True
Is 136 a factor of 9865576?
True
Is 98 a factor of 27783882?
True
Does 13209 divide 2569769063?
False
Is 2882775 a multiple of 35?
True
Does 22 divide 14459039?
False
Does 8 divide 28896656?
True
Is 34526210 a multiple of 842?
True
Is 470149155 a multiple of 10?
False
Is 5 a factor of 423902504?
False
Is 1666 a factor of 1695199982?
True
Is 437 a factor of 161996337?
True
Is 945961 a multiple of 2150?
False
Is 62 a factor of 772105126?
False
Does 391 divide 272293964?
True
Is 92369947 a multiple of 269?
False
Is 208 a factor of 10082176?
True
Is 27 a factor of 657249148?
False
Is 158725611 a multiple of 1023?
True
Is 90169486 a multiple of 207?
False
Is 72851314 a multiple of 13?
False
Does 442 divide 7636079?
False
Is 92115786 a multiple of 1152?
False
Is 6312816 a multiple of 131?
False
Is 36 a factor of 2230344?
True
Is 41 a factor of 11578564?
True
Is 8781 a factor of 3775303140?
True
Is 454313349 a multiple of 34?
False
Is 1600438090 a multiple of 790?
True
Is 15 a factor of 391063590?
True
Is 4 a factor of 19410064?
True
Is 982898454 a multiple of 2092?
False
Does 19 divide 280808092?
False
Is 33395736 a multiple of 44?
True
Does 141 divide 924820833?
True
Is 9 a factor of 14227810?
False
Is 4704230 a multiple of 47?
True
Is 672 a factor of 25959360?
True
Is 738395979 a multiple of 23?
True
Does 18 divide 16014132?
True
Is 339 a factor of 104312289?
False
Is 7961503 a multiple of 4?
False
Is 1044783125 a multiple of 97?
False
Is 129 a factor of 25487691?
True
Is 607 a factor of 3996183286?
True
Does 64 divide 1652356420?
False
Is 908 a factor of 16050716?
True
Does 40 divide 89044680?
True
Does 3726 divide 97372124?
False
Does 286 divide 2896640?
False
Is 8171 a factor of 1787104171?
False
Is 768 a factor of 4333831680?
True
Is 1931335956 a multiple of 99?
True
Does 11 divide 126744720?
False
Does 269 divide 4093104?
True
Is 240 a factor of 374320178?
False
Is 107 a factor of 26991392?
True
Does 76 divide 98609208?
False
Does 56 divide 385401172?
False
Is 2137 a factor of 1804865323?
True
Does 1164 divide 309779976?
True
Is 45341886 a multiple of 6?
True
Is 21706316 a multiple of 34?
False
Is 3346238 a multiple of 6?
False
Does 3763 divide 2019455343?
True
Is 1634882613 a multiple of 8491?
True
Is 2706779 a multiple of 41?
True
Does 5117 divide 574901272?
False
Is 48350024 a multiple of 767?
False
Does 28 divide 181753004?
False
Is 301 a factor of 263839744?
True
Is 129 a factor of 656052295?
False
Does 200 divide 5438287?
False
Is 2720994200 a multiple of 25?
True
Is 608067004 a multiple of 61?
False
Is 101 a factor of 60910070?
True
Is 745 a factor of 4372405?
True
Does 616 divide 1875264160?
True
Does 701 divide 98633504?
True
Does 14 divide 51019736?
False
Is 1651285462 a multiple of 1982?
True
Does 55 divide 208784115?
False
Does 4946 divide 342762746?
True
Does 25 divide 199590550?
True
Is 1338 a factor of 1851394073?
False
Does 16 divide 56843329?
False
Is 9 a factor of 44081770?
False
Is 19282280 a multiple of 184?
True
Is 83 a factor of 74094586?
False
Is 57 a factor of 20532540?
True
Does 6 divide 12105557?
False
Is 1071249053 a multiple of 66?
False
Is 6934069 a multiple of 1577?
True
Does 415 divide 7273705?
True
Is 32 a factor of 3738399?
False
Is 150 a factor of 1239722?
False
Is 21 a factor of 326188632?
True
Is 2 a factor of 19593691?
False
Does 1713 divide 436878381?
True
Does 598 divide 487132594?
True
Does 415 divide 5284272877?
False
Is 257 a factor of 1278745?
False
Does 1343 divide 158916906?
False
Is 108 a factor of 590740020?
True
Is 27 a factor of 348946272?
Tru